der when 12970890 is divided by 128.
10
Calculate the remainder when 550750 is divided by 137665.
90
Calculate the remainder when 3476284 is divided by 10018.
38
What is the remainder when 1158 is divided by 217?
73
Calculate the remainder when 4360257 is divided by 993.
987
What is the remainder when 2326981 is divided by 88?
85
Calculate the remainder when 29904 is divided by 1898.
1434
Calculate the remainder when 384489 is divided by 161.
21
What is the remainder when 16935 is divided by 7913?
1109
What is the remainder when 3824070 is divided by 13007?
12
What is the remainder when 135680 is divided by 304?
96
Calculate the remainder when 3351318 is divided by 81.
24
What is the remainder when 4057977 is divided by 39019?
1
Calculate the remainder when 155159 is divided by 1078.
1005
Calculate the remainder when 220301 is divided by 110072.
157
Calculate the remainder when 5066212 is divided by 361872.
4
What is the remainder when 3301789 is divided by 1100514?
247
What is the remainder when 173091 is divided by 95?
1
Calculate the remainder when 132637986 is divided by 815.
811
What is the remainder when 24205513 is divided by 2537?
2533
What is the remainder when 1385024 is divided by 585?
329
What is the remainder when 5319029 is divided by 2659509?
11
Calculate the remainder when 253384254 is divided by 3507.
3504
Calculate the remainder when 6920371 is divided by 275.
271
What is the remainder when 1889452 is divided by 1889425?
27
Calculate the remainder when 617993107 is divided by 187.
182
Calculate the remainder when 7066658 is divided by 8003.
9
What is the remainder when 17997377 is divided by 4207?
4038
What is the remainder when 400888 is divided by 810?
748
Calculate the remainder when 959926 is divided by 376.
374
Calculate the remainder when 604197 is divided by 1867.
1156
What is the remainder when 26080702 is divided by 21273?
4
Calculate the remainder when 62910231 is divided by 20970070.
21
What is the remainder when 81754560 is divided by 11679222?
6
What is the remainder when 14253002 is divided by 33?
5
What is the remainder when 256755 is divided by 16011?
579
What is the remainder when 118654 is divided by 7873?
559
Calculate the remainder when 33024226 is divided by 2752017.
22
Calculate the remainder when 332883 is divided by 5202.
5157
Calculate the remainder when 61981 is divided by 10323.
43
What is the remainder when 1374677 is divided by 771?
755
What is the remainder when 5371661 is divided by 18782?
9
What is the remainder when 28974 is divided by 58?
32
Calculate the remainder when 2136748 is divided by 33.
31
Calculate the remainder when 237810 is divided by 79268.
6
Calculate the remainder when 460778 is divided by 1061.
304
What is the remainder when 677953 is divided by 4978?
945
Calculate the remainder when 54498452 is divided by 87.
86
Calculate the remainder when 202643127 is divided by 4.
3
Calculate the remainder when 4083035 is divided by 8384.
27
Calculate the remainder when 1030312 is divided by 7515.
757
Calculate the remainder when 57515 is divided by 28584.
347
Calculate the remainder when 603334 is divided by 612.
514
Calculate the remainder when 83280 is divided by 16180.
2380
Calculate the remainder when 2635988 is divided by 376561.
61
What is the remainder when 23199617 is divided by 3020?
2997
What is the remainder when 3047510 is divided by 84653?
2
Calculate the remainder when 457111 is divided by 816.
151
Calculate the remainder when 1546520 is divided by 957.
8
Calculate the remainder when 1369719 is divided by 456552.
63
Calculate the remainder when 2312157 is divided by 4266.
4251
Calculate the remainder when 4365415 is divided by 2067.
1978
Calculate the remainder when 101825 is divided by 33936.
17
What is the remainder when 5596644 is divided by 67?
0
What is the remainder when 113115 is divided by 113100?
15
Calculate the remainder when 7627857 is divided by 2542591.
84
What is the remainder when 923819 is divided by 890?
889
What is the remainder when 1027208 is divided by 7?
0
What is the remainder when 30178346 is divided by 202?
152
What is the remainder when 839954 is divided by 5?
4
What is the remainder when 3120772 is divided by 2871?
2866
What is the remainder when 79100277 is divided by 179?
177
What is the remainder when 149525 is divided by 2912?
1013
Calculate the remainder when 544423 is divided by 32019.
100
What is the remainder when 1586925 is divided by 396719?
49
What is the remainder when 10200968 is divided by 13785?
68
Calculate the remainder when 1071933 is divided by 576.
573
Calculate the remainder when 485703 is divided by 1306.
1177
What is the remainder when 14383 is divided by 74?
27
Calculate the remainder when 2178969 is divided by 840.
9
Calculate the remainder when 477310 is divided by 12900.
10
Calculate the remainder when 1486971 is divided by 1191.
603
Calculate the remainder when 2243608 is divided by 383.
377
What is the remainder when 4248538 is divided by 1037?
986
Calculate the remainder when 1273645 is divided by 2575.
1595
What is the remainder when 1025621 is divided by 146438?
555
What is the remainder when 897861002 is divided by 3897?
3893
Calculate the remainder when 38739910 is divided by 203.
202
Calculate the remainder when 17111 is divided by 437.
68
Calculate the remainder when 1792 is divided by 887.
18
Calculate the remainder when 58391912 is divided by 8341699.
19
Calculate the remainder when 42334 is divided by 44.
6
What is the remainder when 37604053 is divided by 2215?
2213
What is the remainder when 14424601 is divided by 182589?
70
Calculate the remainder when 87551235 is divided by 284.
283
What is the remainder when 3169648 is divided by 792301?
444
Calculate the remainder when 318153 is divided by 2474.
1481
Calculate the remainder when 5540490 is divided by 59571.
387
Calculate the remainder when 283186 is divided by 2622.
10
Calculate the remainder when 1282216 is divided by 8663.
92
What is the remainder when 199463 is divided by 128?
39
What is the remainder when 113639 is divided by 657?
635
What is the remainder when 31291501 is divided by 8?
5
What is the remainder when 670565 is divided by 2013?
236
Calculate the remainder when 64920 is divided by 2598.
2568
What is the remainder when 4538767 is divided by 648393?
16
Calculate the remainder when 517458 is divided by 578.
148
What is the remainder when 353882 is divided by 19148?
9218
What is the remainder when 655929 is divided by 86?
7
What is the remainder when 2521848 is divided by 686?
112
What is the remainder when 414438 is divided by 138142?
12
Calculate the remainder when 66932 is divided by 149.
31
What is the remainder when 486803 is divided by 4869?
4772
Calculate the remainder when 13344453 is divided by 34.
31
Calculate the remainder when 34390 is divided by 11318.
436
What is the remainder when 92502644 is divided by 158?
122
Calculate the remainder when 330595 is divided by 7681.
312
Calculate the remainder when 23986740 is divided by 23986704.
36
What is the remainder when 226196 is divided by 1175?
596
Calculate the remainder when 11408016 is divided by 981.
948
What is the remainder when 61909 is divided by 452?
437
What is the remainder when 721833 is divided by 39981?
2175
Calculate the remainder when 1306399 is divided by 746.
153
Calculate the remainder when 1000993 is divided by 3239.
142
What is the remainder when 2199252 is divided by 674?
664
Calculate the remainder when 6074596 is divided by 11.
0
Calculate the remainder when 86436 is divided by 15830.
7286
Calculate the remainder when 30503352 is divided by 608.
600
What is the remainder when 2172103 is divided by 17103?
22
Calculate the remainder when 24423628 is divided by 660097.
39
Calculate the remainder when 70204540 is divided by 113.
13
What is the remainder when 88402636 is divided by 299?
296
Calculate the remainder when 101026762 is divided by 23.
21
What is the remainder when 34563805 is divided by 470?
5
What is the remainder when 2065624 is divided by 31775?
249
Calculate the remainder when 394275 is divided by 853.
189
What is the remainder when 919789 is divided by 614?
17
What is the remainder when 197865538 is divided by 10?
8
What is the remainder whe